y j?
38
Suppose -n - 39 + 170 = 0. Let d = -78 + n. Let c = -14 - -28. Calculate the remainder when d is divided by c.
11
Suppose 0 = 3*g - 73 + 13. Let k(v) = -v**3 - 6*v**2 - v. Let c = -93 + 87. Calculate the remainder when g is divided by k(c).
2
Let p(i) = -52*i - 3. Suppose 3*c - 9 = 4*x - 180, x - c = 44. What is the remainder when p(-3) is divided by x?
36
Let f(t) = -11*t**2 + 83*t - 1. Calculate the remainder when 161 is divided by f(7).
38
Let w(g) = -g**3 - 2*g**2 + 5*g + 4. Let v be w(-3). Suppose 259 - 75 = 8*f. What is the remainder when (7/v)/(1/(-26)) is divided by f?
22
Let a(f) = 1. Let q(j) = -2*j - 16. Let g(w) = 22*a(w) + 2*q(w). Let v be g(-8). Let r = v + -10. Calculate the remainder when 21 is divided by r.
9
Let x(y) = y**3 + 8*y**2 + 8*y + 8. Calculate the remainder when x(-5) is divided by (-34)/221 + (-238)/(-26).
7
Let k(v) = v**2 - 13*v - 29. What is the remainder when k(16) is divided by 19?
0
Let j = 5 - 1. Suppose -2*k - j = -22. Let n = 236 + -231. What is the remainder when k is divided by n?
4
Let w(i) = 6 + 5*i - 5*i + 3 + 4*i. Calculate the remainder when w(8) is divided by 11.
8
Suppose 3*f + 0*x + 2*x - 72 = 0, 5*f + 5*x - 120 = 0. Suppose 3*b - 5*b = -m - 16, 3*m = -3*b + f. Calculate the remainder when 45 is divided by b.
5
Suppose -d - 5*s = 53, -3*d + 5*s = -11 + 170. Let l = 154 + d. Calculate the remainder when l is divided by 26.
23
Suppose 5*l = 95 + 350. Suppose 227 = 23*w - 72. Calculate the remainder when l is divided by w.
11
Let d(p) = -p**3 - 19*p**2 - 20*p - 35. What is the remainder when 8 is divided by d(-18)?
0
Let i be -34 - (-8 - (3 + -7)). Let v = 40 + i. Suppose 3*a = 2*a + 38. Calculate the remainder when a is divided by v.
8
Suppose 0 = -x + 5*g - 4*g + 15, 0 = -5*x + 2*g + 66. Calculate the remainder when 83 is divided by x.
11
Suppose -4*q + 2*z + 170 = 0, -5*q + 5*z - 72 + 277 = 0. Let k = -8 - -12. Suppose d = -4, -b - 3*b + 76 = -k*d. Calculate the remainder when q is divided by b.
14
Let u(d) = 4*d**2 - 7*d - 23. Let j be u(13). Calculate the remainder when 23/(-92) + j/8 + 1 is divided by 12.
11
Let u(w) = 14*w - 4. Let r = -28 + 30. What is the remainder when u(r) is divided by 13?
11
Let o = -1168 + 1204. Calculate the remainder when 104 is divided by o.
32
Let i be 2/(5/(-5))*1/2. Calculate the remainder when 3 + 156/2 + (-2)/i is divided by 12.
11
Let m = 20 + -12. Let y(d) = 7*d + 12. Let b be y(-2). Calculate the remainder when (1/(-2))/(b/68) is divided by m.
1
Suppose -184 = -4*l - 2*s, 6*l + 2*s = 11*l - 221. What is the remainder when l is divided by 25?
20
Let l(o) = 34*o. What is the remainder when l(1) is divided by (-10450)/(-1650)*(-3 - 3)/(-1 - 1)?
15
Let k(w) = -w**3 + 6*w**2 - 6*w + 1. Suppose -6*a = -2*a + 316. Let m = a + 111. Calculate the remainder when m is divided by k(4).
5
Let d = 102 + -50. Let p = 19 + 8. Calculate the remainder when d is divided by p.
25
Suppose -4*v + 124 = -67*m + 63*m, -2*m - 35 = -v. Suppose -4*r + 4 = -16. Calculate the remainder when v is divided by r.
2
Suppose g = 74 - 42. Calculate the remainder when 89 is divided by g.
25
Let j be (29 + -23)/(3*(-2)/(-4)). Suppose -169 = -17*v + j*v. Let b = 114 + -65. What is the remainder when b is divided by v?
10
Let z(o) = -5*o - 18. Let w be z(-4). Calculate the remainder when w/(64/21 + -3) is divided by 18.
6
Let k = 46 - -8. Let i = 62 - k. What is the remainder when 46 is divided by i?
6
Let h be 6/9 - (-58)/3. Calculate the remainder when (-80)/h + 2*3 is divided by (-1)/(-3)*3/1.
0
Let o = 21 + 5. What is the remainder when 47 is divided by o?
21
Let p = 72 - 48. What is the remainder when 39 is divided by 16/p*(1 + 29)?
19
Suppose 2*l - 16 = l. Suppose -1008 = -34052*k + 34036*k. Calculate the remainder when k is divided by l.
15
Let h(t) = 4*t - 3*t - 4*t - 13 + 5*t. Let k = 3 - -6. What is the remainder when k is divided by h(9)?
4
Let t = 49 + -20. Suppose -2*q - 5*a = 104, 0*q = 2*q - 3*a + 136. Let k = 23 - q. What is the remainder when k is divided by t?
27
Suppose 527 = 17*o - 2057. What is the remainder when o is divided by 101?
51
Let o = -756 + 929. Let h(p) = 4*p**3 - 2*p**2 + 2*p - 3. What is the remainder when o is divided by h(2)?
23
Let g be (-54)/(-90) - (-4)/10. Let h be (-3)/g*(-32)/48. Calculate the remainder when 65 is divided by (h - -1)/3 + 16.
14
Let z = -416 - -424. Let d = 4 + 18. What is the remainder when d is divided by z?
6
Let w = 33 + -29. Let o(m) = -m - 2. Let h be o(-5). Suppose 0 = -4*z - h*j + 51, z - 14 = -0*z - j. What is the remainder when z is divided by w?
1
Let k(d) = 3*d + 23 + 0*d + 0*d - d. What is the remainder when 2 is divided by k(-11)?
0
Suppose 5*q + 760 - 2015 = -2*v, 4*q + v - 1004 = 0. What is the remainder when q is divided by 28?
27
Let f be (-20)/(-120) - ((-86)/(-12) + 2). Calculate the remainder when ((-6)/f)/(9/1161) is divided by 29.
28
Suppose 3*w + 3*k = 720, -3*w + 7*w = k + 965. Let o = 374 + -313. What is the remainder when w is divided by o?
58
Let z = -12 + 12. Suppose -4*t + 3*n + 2*n - 37 = z, -2*n = -t - 7. Let m = -5 - t. What is the remainder when m is divided by 6?
2
Suppose 125*s = 107*s + 5292. What is the remainder when s is divided by 100?
94
Suppose -484*i + 84 = -480*i. Suppose -2*x + 4*x - 12 = 0. Calculate the remainder when i is divided by x - ((-2)/2 + -1).
5
Suppose 4*o = -2*i + 52, 2*i + 5*o + 19 - 67 = 0. Suppose 3*p = a + 8*p - 134, -268 = -2*a - 5*p. What is the remainder when a is divided by i?
32
Let i(f) = 18*f + 1. Let k be i(-4). Let s = k - -78. Calculate the remainder when 61 is divided by s.
5
Let i = 365 + -268. Calculate the remainder when i is divided by 10.
7
Let d be ((-2)/(-6))/(2/12). Suppose -3*z - o + 3 + 33 = 0, 2*z - d*o = 32. What is the remainder when 48 is divided by z?
9
Let p(b) = 70*b**2 - 539*b + 540. Let q = 48 + -19. What is the remainder when p(1) is divided by q?
13
Let s(f) = f**3 + 7*f**2 + 7*f - 4. Calculate the remainder when s(-4) is divided by 7.
2
Let z be 11/((-66)/24) - 113*-1. Suppose 0 = -9*v + 4*v - 4*c + 170, c - z = -3*v. Calculate the remainder when 74 is divided by v.
36
Suppose 0 = -2*v + 3*n + 2*n + 184, n - 2 = 0. Suppose -251 = -5*s - j, 4*j = -7*s + 2*s + 239. Calculate the remainder when v is divided by s.
46
Suppose -i = -0*i + 1. Suppose -30 = -6*n + 3*n. Let g = n - i. Calculate the remainder when 42 is divided by g.
9
Let n(t) = -t**3 - 7*t**2 + 8*t + 5. Let f be n(-8). Suppose f*p - 7*p = -60. Suppose -3*d + 0 = -p. What is the remainder when 29 is divided by d?
9
Let q = -7 - -12. Let b = -520 + 528. What is the remainder when b is divided by q?
3
Let w be 4/24 - 285/(-18). Suppose 13 = s - w. Calculate the remainder when s is divided by 12.
5
Suppose -9*o = -119 - 97. Suppose -23*x - 69 = -o*x. What is the remainder when x is divided by 14?
13
Suppose 0 = 3*n - 5*n + 78. Let k = n + -29. Calculate the remainder when 1 + 4*k*1 is divided by 11.
8
Suppose -4*n - 3 = 2*a + 111, 5*n - 171 = 3*a. What is the remainder when 5 + -3*a/9 is divided by 9?
6
Calculate the remainder when 101 is divided by -3 - -7 - 28/(-2 - 0).
11
Suppose -r + 15 = 2*r. Suppose -v = -r - 54. Suppose 0 = 3*w + 4*l - 40, 2*l = -w + 4*w - 70. Calculate the remainder when v is divided by w.
19
Let m(a) = -14*a - 1. Let d be m(5). Let s = d + 75. What is the remainder when 5 is divided by s?
1
Let n = 122 - 84. What is the remainder when 259 is divided by n?
31
Suppose y + 3*r = r + 13, 5*y - r - 10 = 0. Let n(f) = f**2 + 3. What is the remainder when 47 is divided by n(y)?
11
Suppose 0 = 25*c - 1012 - 713. Calculate the remainder when c is divided by 52.
17
Let k be 127/(-2) + ((-6)/(-4))/3. Let d = k + 81. Calculate the remainder when 86 is divided by d.
14
Let m(g) = -4*g + 104. What is the remainder when 95 is divided by m(18)?
31
Let r = 332 - 274. What is the remainder when r is divided by 20?
18
Let y(q) be the first derivative of -q**4/4 + 7*q**3/3 - q**2/2 + 8*q + 5. Let w be y(7). Suppose 4*u - 19 = w. What is the remainder when 19 is divided by u?
4
Suppose 0 = 5*q - 0*q - 330. Let n be 2/(-20)*-218 + (-1)/(-5). Calculate the remainder when 21 is divided by 12/q + 260/n.
9
Let f(q) = 52*q - 341. What is the remainder when f(8) is divided by 39?